?
7
Suppose -2*u - 17 = 5*b - 42, 0 = u + 4*b - 14. Suppose 4 = -5*g + 6*g. Suppose 0 = -g*d - d + u. Calculate the remainder when d is divided by 2.
0
Suppose 144 = -0*h + 4*h. Let q = -24 - -33. Suppose -2*g - 97 = 4*n - q*n, -4*n + 2*g = -78. Calculate the remainder when h is divided by n.
17
Calculate the remainder when 13 is divided by (2/(-2))/((-156)/30 - -5).
3
Suppose 3*b = -b + 36. What is the remainder when 26 is divided by b?
8
Suppose -4*a + 3*a = -34. Calculate the remainder when 49 is divided by (-1)/(-2)*a*1.
15
Let p(b) = 4*b**2 - 2*b + 2. Let z(d) = 3*d**2 + 5*d - 2. What is the remainder when z(-4) is divided by p(2)?
12
Suppose 0 = -5*f - 0*d + 2*d - 5, 0 = -3*d + 15. Let u(z) = 7*z**2 + 1. What is the remainder when 22 is divided by u(f)?
6
Let j(z) = z - 3. Let w be j(3). Suppose -6 = -w*p - p + 4*s, 4*s - 78 = -5*p. What is the remainder when 26 is divided by p?
12
Let q(t) = 10*t**2 - 2. Let m(u) = u**3 + 3*u**2 - 4*u - 2. Let p be m(-4). Calculate the remainder when q(p) is divided by 13.
12
Let n(j) = -j**2 + 10*j - 5. Suppose 5*f - 2*f = 24. Calculate the remainder when n(f) is divided by 3.
2
Suppose -3*n + 16 + 3 = 2*q, -n - 45 = -3*q. Suppose 3*u = -2*v + 22, 2*v - u - 4*u = 6. What is the remainder when q is divided by v?
6
Let z(n) = -n**2 - 6*n - 3. Let f be z(-5). Suppose -2*j + 7 + 7 = -f*r, 4*r = -5*j + 35. What is the remainder when j is divided by 4?
3
Suppose 0 = s - 2*s - 2*o, -48 = -5*s + 2*o. Let x(a) = -a**2 + 4*a + 2. Calculate the remainder when s is divided by x(3).
3
Let q be (-1*(-3)/(-3))/1. Let d be (-31)/q + (-5 - -4). Let z = d + -9. What is the remainder when 40 is divided by z?
19
Let g = -26 + 56. Suppose 0 = -5*l - g + 90. What is the remainder when 35 is divided by l?
11
Let h = 233 - 163. Suppose -10*t + 5*t = -h. What is the remainder when 54 is divided by t?
12
Let b(n) = -2*n + 1. Let t be b(-1). Let m be 1 + t + 3 + -1. What is the remainder when 22 is divided by (m/5)/(3/30)?
10
Let o = -1 + 3. Let y = 8 - 13. Let p = -1 - y. What is the remainder when p is divided by o?
0
Let p(m) = m**2 - m + 53. Let c = -1 - -7. Let g = c + 12. Calculate the remainder when p(0) is divided by g.
17
Let w = -2 + 2. Suppose 5*y = j - 34 + 285, 4*y - 2*j - 202 = w. Calculate the remainder when y is divided by 17.
16
Suppose -3*g + 2*g = 5*x - 18, -3*g + x = -38. Calculate the remainder when g is divided by 3.
1
Calculate the remainder when 146 is divided by ((-8)/(-6))/((-92)/(-2553)).
35
Let k = 24 + -16. Calculate the remainder when 31 is divided by k.
7
Suppose k - 62 = 2*v, -5*k + 285 = 5*v + 5. Calculate the remainder when k is divided by 16.
10
Suppose 4*k - 2*k + 40 = 4*p, -k + 40 = 3*p. Calculate the remainder when (0 - 1) + (-611)/(-13) is divided by p.
10
Let c = -8 + 11. Let h(m) = -m**2 + 6*m - 2. Calculate the remainder when 12 is divided by h(c).
5
Let w(l) = 4*l**3 - 9*l**2 + 2*l - 1. Let n(t) = 5*t**3 - 10*t**2 + 2*t - 2. Let a(i) = 5*n(i) - 6*w(i). Calculate the remainder when a(-4) is divided by 2.
0
Suppose 1 - 3 = -s. Suppose 69 = z + s*z. What is the remainder when 66 is divided by z?
20
Let n = 10 + 1. Calculate the remainder when n is divided by 4.
3
Let q(d) = -3*d - 18. What is the remainder when 34 is divided by q(-12)?
16
Let m(j) = 9*j**2 + 2*j + 3*j**3 - 2*j**3 - 11*j**2. Let n be (-2)/2 + (0 - -4). Calculate the remainder when 43 is divided by m(n).
13
Let s(n) = 3*n**3 - 12*n**2 + 14. Let v(l) = -l**3 + l**2. Let w(q) = s(q) + 2*v(q). What is the remainder when 54 is divided by w(10)?
12
Let g = 12 - 11. What is the remainder when 10 is divided by (g + (-3)/(-6))*4?
4
Let b = 39 - 17. What is the remainder when 87 is divided by b?
21
Let k(c) = c**2 + c - 6. What is the remainder when k(5) is divided by 9?
6
Suppose 0 = -g - d + 8, 2*g + 4*d = 6*g - 64. What is the remainder when 33 is divided by g?
9
Let y(h) = -h**3 + 15*h**2 + 7*h + 22. What is the remainder when y(15) is divided by 32?
31
Suppose -5*r = -3*o - 14, -3*o + 4*r - 14 = -2*o. Let i(l) = 2*l**2 + 4*l - 5. What is the remainder when i(o) is divided by 6?
5
Let g(t) = 2*t**2 + 9*t - 18. What is the remainder when g(-8) is divided by 14?
10
Let x = 2 + 0. Suppose d - x*t + 64 = 4*d, 4*t - 80 = -4*d. What is the remainder when d is divided by 13?
11
Let d(j) = -j**3 + 4*j**2 + 8*j - 6. What is the remainder when 26 is divided by d(5)?
8
Calculate the remainder when 47 is divided by 4/(-3)*(-4 - 8)/1.
15
Suppose 4*o = o - 24. Let d be (0 - -2)*-2*3. Let j = o - d. Calculate the remainder when 11 is divided by j.
3
Suppose 2*y = -r + 25 - 3, -5*y - 4*r + 58 = 0. Let j = -18 - -37. What is the remainder when j is divided by y?
9
Suppose 4*m = 5*b + 25, -b + 5*m - 22 = -4*b. Suppose o - 340 = -3*o. What is the remainder when o is divided by (-1 + 2)/(b/(-29))?
27
Let m(t) = -t**3 - 4*t**2 - 2*t + 4. Let g(s) = 2*s**3 + 7*s**2 + 4*s - 7. Let z(b) = 4*g(b) + 7*m(b). Calculate the remainder when 35 is divided by z(2).
11
Let x be (-2)/(1 - 147/153). Let a = -36 - x. What is the remainder when 27 is divided by a?
12
Suppose 12 - 45 = -z. Calculate the remainder when 65 is divided by z.
32
Suppose 0 = -5*v - g - 23 + 130, 4*v - 4*g - 76 = 0. Calculate the remainder when 82 is divided by v.
19
Suppose -3*z = y - 144, y - 6*y + 203 = 4*z. Let d = 22 + -55. Let j = d + z. Calculate the remainder when j is divided by 8.
6
Let w(g) = 2*g**3 - 4*g**2 + 7*g - 7. What is the remainder when w(3) is divided by 6?
2
Suppose -2*o = 6, 0 = y - 4*y + 4*o + 42. Let f = -9 - -10. Let i(t) = 36*t + 1. What is the remainder when i(f) is divided by y?
7
What is the remainder when -2*(134/(-4) - -4) is divided by 24?
11
Suppose 0 = -3*g - 15, -3*g + 96 = 3*v - 0*g. What is the remainder when v is divided by 19?
18
Let l(v) = -27*v + 2. Let b be l(-4). Let h = b + -59. What is the remainder when h is divided by 13?
12
Let y = 3 - 1. Let v be y/2*2/(-2). Calculate the remainder when 16 is divided by 8 - (v - (0 - 3)).
4
Let i be 1 - ((-36)/2 + -1). Let l = -7 + i. Calculate the remainder when l is divided by 7.
6
Let i = -9 + 10. Suppose -4*j = 5*n + 2, -j = 3*n + 4 - 0. What is the remainder when j is divided by i?
0
Let m(q) = -q**2 - 5*q + 8. Let u(y) = -y**3 + 3*y**2 + 5*y - 1. Let v be u(4). Suppose 3 = -v*h + 18. What is the remainder when h is divided by m(-6)?
1
Let g(y) = y**2 - 8*y + 9. What is the remainder when g(-7) is divided by 23?
22
Let s(z) = 8*z - 4. Let b be s(3). Suppose 5*q - b = 4*q. Suppose 0 = 3*p + 2 - 23. Calculate the remainder when q is divided by p.
6
Suppose 4*j = -0*b + 2*b + 52, 3*j - 25 = -2*b. Let g = -27 - -58. What is the remainder when g is divided by j?
9
Suppose -3*d = 5*o - 37, -2*o = -3*d - 0*o + 65. Calculate the remainder when 37 is divided by d.
18
Suppose 3*z = -0*z + 5*v + 34, 46 = 5*z - 3*v. Calculate the remainder when z is divided by 4.
0
Let p(n) = 2*n**2 + 9. Let f be p(-8). What is the remainder when 6/(-9) - f/(-3) is divided by 24?
21
Suppose 0 = -5*n + 3*u - 0*u + 13, 4*n - 4 = 4*u. Let z(s) = -2*s. Calculate the remainder when z(-4) is divided by n.
3
Suppose 0 = 2*l - 6*l. Calculate the remainder when (1 + l)/(4/68) is divided by 5.
2
Let m(j) = 4*j + 46. What is the remainder when 39 is divided by m(-8)?
11
Let m = -57 + 87. Let t(x) = 118*x**3 - x**2 - x + 1. What is the remainder when t(1) is divided by m?
27
Suppose 0 = -n - 20 + 28. Calculate the remainder when 29 is divided by n.
5
Suppose -s + 0*t - 5 = -3*t, 0 = 5*t - 5. Calculate the remainder when 41 is divided by (0 + (-56)/s)/2.
13
Suppose 3 + 3 = 2*i. What is the remainder when (1 + 70/6)*i is divided by 20?
18
Calculate the remainder when 4345/44 + (-1)/8*-2 is divided by 26.
21
What is the remainder when 67 is divided by (-4)/(4*(-2)/36)?
13
Suppose -9 = -s + 3*z, -28 = -2*s - 4*z + 8*z. Suppose -4*k + 2*k = -4*r + 52, r + k - 13 = 0. Calculate the remainder when s is divided by r.
11
Suppose -4*c + 3*c + l - 3 = 0, -14 = -2*c - 2*l. Suppose -c*g = 3*g + 4*w - 80, 90 = 4*g - 2*w. What is the remainder when g is divided by 11?
9
Let x(a) = 2*a**2 + 20*a - 13. Calculate the remainder when 23 is divided by x(-11).
5
Suppose -h + 52 = 3*h. Let k(x) = 3*x**2 - 2*x - 2. Let z = 8 + -4. Calculate the remainder when k(z